42 is divided by 2.
0
Calculate the remainder when 187 is divided by 84.
19
Calculate the remainder when 40625 is divided by 333.
332
Calculate the remainder when 1371 is divided by 49.
48
Calculate the remainder when 249 is divided by 118.
13
Calculate the remainder when 5820 is divided by 41.
39
What is the remainder when 2141 is divided by 37?
32
Calculate the remainder when 67 is divided by 25.
17
What is the remainder when 250 is divided by 85?
80
What is the remainder when 1681 is divided by 186?
7
What is the remainder when 1416 is divided by 43?
40
Calculate the remainder when 3330 is divided by 19.
5
What is the remainder when 2457 is divided by 124?
101
Calculate the remainder when 321 is divided by 103.
12
What is the remainder when 1959 is divided by 150?
9
What is the remainder when 75 is divided by 28?
19
Calculate the remainder when 78 is divided by 27.
24
Calculate the remainder when 2344 is divided by 17.
15
What is the remainder when 132 is divided by 20?
12
What is the remainder when 40 is divided by 7?
5
Calculate the remainder when 209 is divided by 22.
11
What is the remainder when 1369 is divided by 21?
4
Calculate the remainder when 2756 is divided by 54.
2
Calculate the remainder when 70 is divided by 30.
10
Calculate the remainder when 224 is divided by 36.
8
What is the remainder when 2662 is divided by 31?
27
What is the remainder when 940 is divided by 15?
10
Calculate the remainder when 470 is divided by 24.
14
What is the remainder when 1232 is divided by 123?
2
Calculate the remainder when 874 is divided by 7.
6
Calculate the remainder when 348 is divided by 25.
23
What is the remainder when 1650 is divided by 8?
2
What is the remainder when 225 is divided by 21?
15
What is the remainder when 909 is divided by 3?
0
What is the remainder when 774 is divided by 31?
30
What is the remainder when 50 is divided by 15?
5
What is the remainder when 5238 is divided by 12?
6
What is the remainder when 1066 is divided by 306?
148
What is the remainder when 568 is divided by 31?
10
What is the remainder when 295 is divided by 74?
73
Calculate the remainder when 130 is divided by 17.
11
Calculate the remainder when 222 is divided by 38.
32
What is the remainder when 189 is divided by 98?
91
Calculate the remainder when 167 is divided by 21.
20
Calculate the remainder when 899 is divided by 431.
37
Calculate the remainder when 133 is divided by 40.
13
Calculate the remainder when 84 is divided by 9.
3
Calculate the remainder when 200 is divided by 10.
0
Calculate the remainder when 1366 is divided by 98.
92
Calculate the remainder when 217 is divided by 20.
17
Calculate the remainder when 353 is divided by 74.
57
Calculate the remainder when 105 is divided by 97.
8
What is the remainder when 153 is divided by 7?
6
Calculate the remainder when 744 is divided by 150.
144
What is the remainder when 124 is divided by 4?
0
Calculate the remainder when 851 is divided by 419.
13
Calculate the remainder when 642 is divided by 47.
31
What is the remainder when 330 is divided by 83?
81
Calculate the remainder when 7173 is divided by 26.
23
What is the remainder when 465 is divided by 119?
108
What is the remainder when 3686 is divided by 168?
158
What is the remainder when 29 is divided by 15?
14
Calculate the remainder when 861 is divided by 145.
136
Calculate the remainder when 600 is divided by 93.
42
Calculate the remainder when 2727 is divided by 10.
7
What is the remainder when 3155 is divided by 211?
201
Calculate the remainder when 1391 is divided by 48.
47
Calculate the remainder when 822 is divided by 31.
16
Calculate the remainder when 1450 is divided by 61.
47
Calculate the remainder when 131 is divided by 20.
11
Calculate the remainder when 866 is divided by 17.
16
What is the remainder when 1114 is divided by 276?
10
What is the remainder when 46 is divided by 37?
9
Calculate the remainder when 3223 is divided by 26.
25
What is the remainder when 10976 is divided by 12?
8
What is the remainder when 751 is divided by 84?
79
What is the remainder when 273 is divided by 92?
89
What is the remainder when 197 is divided by 196?
1
What is the remainder when 637 is divided by 338?
299
What is the remainder when 2199 is divided by 732?
3
What is the remainder when 27186 is divided by 19?
16
What is the remainder when 565 is divided by 225?
115
Calculate the remainder when 73 is divided by 51.
22
Calculate the remainder when 585 is divided by 287.
11
What is the remainder when 434 is divided by 241?
193
Calculate the remainder when 486 is divided by 18.
0
What is the remainder when 2593 is divided by 259?
3
Calculate the remainder when 111 is divided by 99.
12
Calculate the remainder when 623 is divided by 15.
8
What is the remainder when 445 is divided by 3?
1
Calculate the remainder when 69 is divided by 22.
3
What is the remainder when 829 is divided by 22?
15
Calculate the remainder when 1317 is divided by 147.
141
Calculate the remainder when 83 is divided by 32.
19
Calculate the remainder when 884 is divided by 405.
74
Calculate the remainder when 153 is divided by 52.
49
Calculate the remainder when 113 is divided by 7.
1
What is the remainder when 415 is divided by 21?
16
What is the remainder when 1522 is divided by 86?
60
Calculate the remainder when 93 is divided by 14.
9
What is the remainder when 2158 is divided by 47?
43
What is the remainder when 109 is divided by 21?
4
What is the remainder when 9237 is divided by 231?
228
Calculate the remainder when 669 is divided by 52.
45
What is the remainder when 116 is divided by 30?
26
What is the remainder when 44 is divided by 1?
0
Calculate the remainder when 598 is divided by 45.
13
Calculate the remainder when 38 is divided by 21.
17
What is the remainder when 222 is divided by 9?
6
What is the remainder when 256 is divided by 71?
43
What is the remainder when 508 is divided by 102?
100
What is the remainder when 95 is divided by 22?
7
What is the remainder when 202 is divided by 45?
22
What is the remainder when 2388 is divided by 218?
208
What is the remainder when 3739 is divided by 163?
153
Calculate the remainder when 295 is divided by 80.
55
What is the remainder when 1156 is divided by 41?
8
What is the remainder when 204 is divided by 28?
8
What is the remainder when 2948 is divided by 118?
116
What is the remainder when 1273 is divided by 212?
1
Calculate the remainder when 35 is divided by 2.
1
Calculate the remainder when 19 is divided by 18.
1
What is the remainder when 145 is divided by 19?
12
What is the remainder when 4838 is divided by 121?
119
What is the remainder when 941 is divided by 181?
36
What is the remainder when 270 is divided by 45?
0
Calculate the remainder when 79 is divided by 23.
10
Calculate the remainder when 237 is divided by 72.
21
Calculate the remainder when 379 is divided by 27.
1
What is the remainder when 1649 is divided by 59?
56
Calculate the remainder when 214 is divided by 62.
28
What is the remainder when 31 is divided by 25?
6
What is the remainder when 495 is divided by 119?
19
What is the remainder when 261 is divided by 108?
45
Calculate the remainder when 43804 is divided by 71.
68
Calculate the remainder when 631 is divided by 346.
285
What is the remainder when 368 is divided by 35?
18
What is the remainder when 277 is divided by 26?
17
Calculate the remainder when 62 is divided by 3.
2
Calculate the remainder when 710 is divided by 224.
38
What is the remainder when 3649 is divided by 73?
72
What is the remainder when 222 is divided by 59?
45
What is the remainder when 1038 is divided by 26?
24
What is the remainder when 57 is divided by 21?
15
Calculate the remainder when 3293 is divided by 1097.
2
Calculate the remainder when 27774 is divided by 248.
246
What is the remainder when 363 is divided by 61?
58
Calculate the remainder when 41 is divided by 22.
19
What is the remainder when 62 is divided by 39?
23
What is the remainder when 294 is divided by 34?
22
What is the remainder when 353 is divided by 115?
8
Calculate the remainder when 189 is divided by 61.
6
What is the remainder when 108 is divided by 43?
22
What is the remainder when 3836 is divided by 11?
8
What is the remainder when 658 is divided by 